 (r/9)/(4/(-18)). Calculate the highest common divisor of 24 and d.
24
Suppose -772 - 268 = -5*d. Let h(f) = -f**3 - 8*f**2 - 3*f - 8. Let v be h(-8). What is the highest common factor of d and v?
16
Suppose 3*c - 17 = 7. Suppose -q + c = 2. Let r(x) = 2*x - 3. Let k be r(9). Calculate the highest common divisor of q and k.
3
Let p be (-3642)/(-8) - (-3)/4. What is the greatest common divisor of p and 171?
57
Suppose 4*m - 11 = -w, 5*m = -3*w + 8*w - 5. Let o(h) = h**2 - 7*h + 7. Let l be o(6). Calculate the greatest common divisor of m and l.
1
Let m(n) = 2*n**2 - 4. Let g be m(3). Let y be 112*((-2)/(-3))/((-52)/(-39)). Calculate the greatest common factor of y and g.
14
Let t be (6 - -1)/(3/6). Let u = 17 - t. Suppose -167 = -u*h + m, 49 = h + 2*m + m. Calculate the greatest common divisor of h and 5.
5
Let x be (2/4)/((2/2)/40). What is the highest common divisor of 8 and x?
4
Suppose 0 = 3*j + 5*r - 162, -4*j + 313 = -2*r + 123. What is the greatest common divisor of 35 and j?
7
Suppose 0 = o + 264 - 553. Calculate the highest common divisor of o and 34.
17
Let s = 948 + -887. What is the greatest common factor of 2623 and s?
61
Let a = 98 + -50. What is the greatest common divisor of a and 192?
48
Let m be (-2)/(-7) - 9/189*-2787. Calculate the greatest common factor of 95 and m.
19
Suppose 0*g - 4*g = -4. Let j be (g - -7)/(3/9). Let h be 3/2 - 1638/(-28). What is the highest common divisor of h and j?
12
Let s(d) = -98*d + 358. Let n be s(3). Let f(x) = 18*x**2 - 3*x + 7. Let l be f(3). Calculate the greatest common factor of n and l.
32
Suppose -2*p - 5*y + 282 = 0, y - 2 = -0*y. Suppose 0*k + 180 = 5*k + 5*z, -4*k - 2*z = -p. Calculate the greatest common divisor of 16 and k.
16
Let f(t) = -t**3 - 2*t**2 + 10*t - 12. Let g be f(-5). Suppose v + v = 12. Let u be v*3*(-39)/(-6). What is the highest common factor of g and u?
13
Suppose 4*a - 244 = -64. Let m(l) = 4*l - 21 + 2*l**3 - l**3 + l**2 - 16*l**2 - 2*l. Let g be m(15). What is the greatest common divisor of g and a?
9
Let g = -62 - -65. Suppose 3*u + 5*n = 61 - 2, -125 = -5*u - g*n. What is the greatest common divisor of u and 7?
7
Let q = -485 + 701. What is the highest common divisor of 8 and q?
8
Suppose -25*n + 29*n - 30 = -3*m, 4*n = 2*m. What is the highest common divisor of 54 and m?
6
Let i(x) = 2*x**3 - 12*x**2 + x + 12. Let c be i(7). What is the highest common divisor of 27 and c?
9
Let d(h) = 4*h**3 + 2*h**2 - 4*h + 1. Let w be d(1). Calculate the highest common factor of w and 104.
1
Let j be 3/9 - (-3682)/42. Calculate the greatest common divisor of 132 and j.
44
Suppose -29 = d - 57. Let a = 1 - 1. Suppose a = -2*c - 2 + 10. What is the highest common factor of d and c?
4
Suppose -8 = 2*n - 6*n. Suppose 0 = 2*v, n*v - 5*v = -x - 1. Let w = x + 25. What is the highest common divisor of w and 60?
12
Let s = 2 - 1. Let l be (1/s)/(4/528). Suppose 2*y + 3*h + 51 = 5*y, -2*y + 44 = -4*h. Calculate the highest common divisor of y and l.
12
Let r be 0 - (-60)/(6 + -1). Let s be -4*11/(-10) + r/(-30). Suppose 2*h = 2*u + 16, h + 12 = 3*h - u. What is the greatest common divisor of s and h?
4
Suppose 71*p - 294 = 64*p. Calculate the highest common factor of p and 112.
14
Let p = 24 - 9. Suppose -o + p = 4*o. Suppose -4*w + 423 = -z, -o*w - z + 522 = 2*w. Calculate the highest common factor of w and 42.
21
Let f(o) = -36*o + 8. Suppose -32 = 4*p - 8. Let k be 10/(-1)*p/(-15). Let n be f(k). Calculate the highest common factor of 19 and n.
19
Let g = 25 + -10. Suppose 11*j = g*j - 4. What is the greatest common factor of j and 8?
1
Suppose 11*d - 148 - 908 = 0. Calculate the greatest common factor of d and 112.
16
Let p = 34 + -28. Let d be (-28)/(-5) - 3/5. Let b be d - 1 - (-2 + 0). Calculate the highest common divisor of p and b.
6
Let w(f) = 23*f + 43. Let s be w(3). Suppose -2*j - 2*v = -3*j + 24, -2*j = -3*v - 43. Calculate the highest common divisor of s and j.
14
Let z be ((-6)/15)/(2/(-272 - -2)). Calculate the greatest common factor of 144 and z.
18
Let j(q) = -3*q - 23 - 14 - 3. Let p be j(-19). Calculate the highest common divisor of p and 34.
17
Let r be ((-1220)/(-8))/5*-2. Let v = -37 - r. What is the highest common divisor of 6 and v?
6
Suppose 37*h - 32*h = 1500. Let x = 93 + -81. Calculate the greatest common divisor of x and h.
12
Let b be ((-6)/(-15))/((-4)/(-20)). Suppose u - 6*u + b*m + 175 = 0, 0 = -5*u + 4*m + 185. Calculate the highest common divisor of 11 and u.
11
Let b(i) = -i**2 + 3*i + 4. Let d be b(4). Let c = d + 5. Let r(f) = 5*f**3 - 8*f**2 + 7*f - 34. Let w be r(3). Calculate the greatest common factor of w and c.
5
Let p(g) = -8*g + 54. Let t be p(6). Calculate the highest common divisor of 58 and t.
2
Let k = 1353 + -1229. What is the highest common factor of k and 1550?
62
Let w(r) = -r**2 + 9*r + 80. Let m be w(9). Let n be 82/8 - 1/4. Calculate the highest common factor of m and n.
10
Let i(w) = 12*w**2 + 496*w + 498. Let t be i(-1). Let n = -26 - 26. Let p = -31 - n. What is the greatest common factor of t and p?
7
Let g be 33/((-17)/(-51)*(-2)/(-2)). Calculate the greatest common divisor of 22 and g.
11
Suppose 0 = -3*d - 6, -4*v + v = -3*d - 75. Suppose -1 = -3*y + v. Let n = -160 + 224. What is the highest common divisor of y and n?
8
Suppose 0 = 2*d - 3*t - 383, -5*d - t = -d - 745. Let q be (4 - d/4)*-4. Calculate the highest common divisor of 19 and q.
19
Let w(r) = -r**3 + 33*r**2 - 47*r + 102. Let j be w(31). Calculate the greatest common divisor of j and 27.
27
Let h be 40/(-6)*6/(-8). Suppose -2 = 5*x + h*a - 17, 0 = a. Calculate the highest common divisor of x and 21.
3
Suppose -2*s + 15 = s. Let h(w) = -w**2 + 6*w + 0*w**2 + 5 + w + 0. Let a be h(7). Calculate the greatest common factor of a and s.
5
Suppose 2*z - 2*o + 34 = -2*z, 4*o = -3*z + 2. Let k be -3*z/9 - -53. Calculate the greatest common factor of 22 and k.
11
Let d be (6/(-3))/((-638)/209 - -3). What is the highest common factor of d and 266?
38
Let l be (-2)/10 - (-91)/5. Suppose -2*w + 4 = 0, -4*w - 142 = -2*c - 3*w. What is the greatest common factor of c and l?
18
Let n(m) = m**3 + 5*m**2 - m - 1. Let p(x) = -4*x + 7. Let c be p(3). Let q be n(c). What is the highest common factor of q and 44?
4
Let b be 286/12*(-2 - -18 - 10). What is the greatest common factor of b and 121?
11
Suppose 3*s - 5*s + 210 = -2*v, 0 = s + 2*v - 105. What is the highest common divisor of s and 399?
21
Suppose -7*c + 1639 + 545 = 0. Calculate the highest common factor of 12 and c.
12
Suppose -980 = -4*k - 24*k. What is the highest common factor of k and 14?
7
Let c(m) = -29*m + 3. Let o(d) = -29*d + 2. Let t(q) = 3*c(q) - 2*o(q). Let y be t(-5). Calculate the greatest common factor of y and 60.
30
Suppose 31 = 5*y + 4*v, -y = 3*v - 0*v - 4. Let r = 7 + -5. Let m be ((-224)/12)/(r/(-6)). Calculate the greatest common divisor of y and m.
7
Suppose 4 = 4*t - w - 3*w, 6 = 2*t - w. Suppose -3*b + 6*b + 8 = -5*s, -t*b = -s - 24. What is the highest common factor of 12 and b?
4
Suppose -111 = -8*h + 1185. Calculate the greatest common factor of h and 108.
54
Let d = -12 + 15. Let x be 3/d*-1 - -25. Let g(w) = -w**3 + 8*w**2 + 8*w - 4. Let q be g(8). What is the greatest common divisor of x and q?
12
Suppose 60*u - 296 - 364 = 0. Calculate the greatest common factor of 11 and u.
11
Let f(u) = -6*u - 71. Let r(a) = a + 14. Let l(p) = 4*f(p) + 22*r(p). Let b be l(5). Calculate the greatest common factor of b and 42.
14
Let o be 4/(-3)*(-92 + -16). What is the greatest common divisor of 324 and o?
36
Let s(v) = 2*v**2. Let t be s(-3). Suppose -455*z + 513*z = 1044. What is the highest common factor of z and t?
18
Suppose 6*o - 2*o - 8 = 0. Let m(j) = -3*j - 5. Let y be m(6). Let x = y - -41. What is the greatest common divisor of x and o?
2
Suppose 66 = a + 2*a. Let v = a - 4. Let d = 76 + -40. Calculate the highest common divisor of v and d.
18
Let r(h) = 8*h - 61. Let f be r(12). What is the highest common divisor of f and 1?
1
Suppose -4*o - 242 = -1694. Calculate the highest common factor of o and 33.
33
Let r = -1 - -4. Let j be (-1)/r - (-40)/12. Suppose 501 = 5*d + 5*w + 161, -j*w + 276 = 4*d. What is the greatest common divisor of 9 and d?
9
Let v be -1 - (-126)/16 - 2/(-16). L